{"id":194,"date":"2026-03-30T22:28:31","date_gmt":"2026-03-30T20:28:31","guid":{"rendered":"https:\/\/eros4me.de\/?page_id=194"},"modified":"2026-03-30T22:39:14","modified_gmt":"2026-03-30T20:39:14","slug":"elementor-194","status":"publish","type":"page","link":"https:\/\/eros4me.de\/","title":{"rendered":"Willkommen"},"content":{"rendered":"\t\t<div data-elementor-type=\"wp-post\" data-elementor-id=\"194\" class=\"elementor elementor-194\">\n\t\t\t\t\t\t<div class=\"elementor-element elementor-element-da0554d e-con e-atomic-element e-flexbox-base\" data-id=\"da0554d\" data-element_type=\"e-flexbox\" data-e-type=\"e-flexbox\" data-interaction-id=\"da0554d\">\n\t\t\t\t\t\t\t<h2 \n\t\tdata-interaction-id=\"0498115\" \n\t\tclass=\"e-heading-base\" \n\t\t \n\t\t\n\t>\n\t\n\t\t\t<strong id=\"e-mndnaw8a-bbg9xn7\">Willkommen bei <br>Eros4Me!<\/strong>\n\t\t<\/h2>\n\t\t\t\t<\/div>\n\t\t<div class=\"elementor-element elementor-element-7bfd8be e-flex e-con-boxed e-con e-parent\" data-id=\"7bfd8be\" data-element_type=\"container\" data-e-type=\"container\">\n\t\t\t\t\t<div class=\"e-con-inner\">\n\t\t\t\t<div class=\"elementor-element elementor-element-2e94f48 elementor-widget elementor-widget-text-editor\" data-id=\"2e94f48\" data-element_type=\"widget\" data-e-type=\"widget\" data-widget_type=\"text-editor.default\">\n\t\t\t\t\t\t\t\t\t<div class=\"wp-block-group has-global-padding is-layout-constrained wp-container-core-group-is-layout-ffc174bf wp-block-group-is-layout-constrained\"><p class=\"has-text-align-center\">Ihr f\u00fchrender Sexshop und Erotikshop in Ingolstadt<br \/>Wir laden Sie herzlich ein, unser Gesch\u00e4ft hier vor einem Besuch digital zu erkunden!<\/p><\/div><p>Im Herzen von Bayern erwartet Sie mit Eros4Me ein Erotikgesch\u00e4ft der besonderen Art. Wir laden Sie ein, in eine Welt voller Sinnlichkeit, Leidenschaft und Fantasie einzutauchen. Ob Sie auf der Suche nach aufregenden Toys, verf\u00fchrerischen Dessous sind oder einfach nur neugierig die Welt der Erotik erkunden m\u00f6chten \u2013 bei uns in Ingolstadt finden Sie eine diskrete, freundliche und inspirierende Atmosph\u00e4re. Wir sind mehr als nur ein Sexshop; wir sind Ihr Berater f\u00fcr ein erf\u00fclltes Liebesleben.<\/p><p><strong>Wer wir sind und was uns auszeichnet:<\/strong><\/p><p>Als lokales Erotikgesch\u00e4ft in Ingolstadt legen wir gr\u00f6\u00dften Wert auf eine pers\u00f6nliche und vertrauensvolle Beratung. Unser Ziel ist es, dass Sie sich bei uns wohlf\u00fchlen. Anders als anonyme Online-Shops bieten wir Ihnen die M\u00f6glichkeit, Produkte vor Ort zu entdecken und sich von unserem erfahrenen Team beraten zu lassen. Ihre Diskretion ist dabei unser oberstes Gebot.<\/p><p><strong>Unsere vielf\u00e4ltige Produktwelt \u2013 Ein Paradies f\u00fcr Ihre Sinne:<\/strong><\/p><p>Bei Eros4Me finden Sie eine sorgf\u00e4ltig zusammengestellte und breite Auswahl, die keine W\u00fcnsche offenl\u00e4sst. Unser Sortiment in Ingolstadt umfasst unter anderem:<\/p><ul class=\"wp-block-list\"><li><strong>Lovetoys f\u00fcr Sie, Ihn und Paare:<\/strong> Entdecken Sie hochwertige Vibratoren, Dildos, Analtoys und Paartoys von f\u00fchrenden Marken. Wir beraten Sie gerne, um das passende Toy f\u00fcr Ihre Bed\u00fcrfnisse zu finden.<\/li><li><strong>Verf\u00fchrerische Dessous und W\u00e4sche:<\/strong> Sp\u00fcren Sie die Qualit\u00e4t und das ansprechende Design unserer Dessous, die Ihre Sinnlichkeit unterstreichen.<\/li><li><strong>DVDs, Magazine und B\u00fccher:<\/strong> Eine gro\u00dfe Auswahl an Erotikfilmen, Magazinen und Ratgebern f\u00fcr inspirierende Momente.<\/li><li><strong>Drogerie- und Pflegeartikel:<\/strong> Alles f\u00fcr Ihr Wohlbefinden, von Gleitgelen bis hin zu Massage\u00f6len.<\/li><li><strong>Scherzartikel und erotische Spiele:<\/strong> Bringen Sie Spa\u00df und Abwechslung in Ihr Liebesleben.<\/li><li><strong>Exklusive Videokabinen:<\/strong> F\u00fcr ein ungest\u00f6rtes und privates Vergn\u00fcgen.<\/li><\/ul><p><strong>Warum Eros4Me Ihr Erotikshop in Bayern ist:<\/strong><\/p><ul class=\"wp-block-list\"><li><strong>Zentrale Lage in Ingolstadt:<\/strong> Leicht erreichbar im Herzen Bayerns.<\/li><li><strong>Diskrete und professionelle Beratung:<\/strong> Unser Team steht Ihnen mit Rat und Tat zur Seite.<\/li><li><strong>Hochwertige Auswahl:<\/strong> Wir f\u00fchren nur Produkte, von deren Qualit\u00e4t wir \u00fcberzeugt sind.<\/li><li><strong>Einladendes Ambiente:<\/strong> F\u00fchlen Sie sich wohl in unserem sauberen und modernen Gesch\u00e4ft.<\/li><\/ul><p><strong>Besuchen Sie uns in Ingolstadt!<\/strong><\/p><p>Machen Sie sich selbst ein Bild und besuchen Sie uns in unserem Erotikfachgesch\u00e4ft. Wir freuen uns darauf, Sie pers\u00f6nlich bei Eros4Me begr\u00fc\u00dfen zu d\u00fcrfen. Erkunden Sie unser Sortiment und lassen Sie sich inspirieren.<\/p>\t\t\t\t\t\t\t\t<\/div>\n\t\t\t\t\t<\/div>\n\t\t\t\t<\/div>\n\t\t\t\t<\/div>\n\t\t","protected":false},"excerpt":{"rendered":"<p>Willkommen bei Eros4Me! Ihr f\u00fchrender Sexshop und Erotikshop in IngolstadtWir laden Sie herzlich ein, unser Gesch\u00e4ft hier vor einem Besuch digital zu erkunden! Im Herzen von Bayern erwartet Sie mit Eros4Me ein Erotikgesch\u00e4ft der besonderen Art. Wir laden Sie ein, in eine Welt voller Sinnlichkeit, Leidenschaft und Fantasie einzutauchen. Ob Sie auf der Suche nach<\/p>\n<div class=\"more-link\">\n\t\t\t\t <a href=\"https:\/\/eros4me.de\/\" class=\"btn theme-btn\"><span>Weiterlesen <\/span><\/a>\n\t\t\t<\/div>\n","protected":false},"author":1,"featured_media":0,"parent":0,"menu_order":0,"comment_status":"closed","ping_status":"closed","template":"","meta":{"pgc_sgb_lightbox_settings":"","footnotes":""},"class_list":["post-194","page","type-page","status-publish","hentry"],"yoast_head":"<!-- This site is optimized with the Yoast SEO plugin v25.9 - https:\/\/yoast.com\/wordpress\/plugins\/seo\/ -->\n<title>Willkommen - Eros4Me<\/title>\n<meta name=\"robots\" content=\"index, follow, max-snippet:-1, max-image-preview:large, max-video-preview:-1\" \/>\n<link rel=\"canonical\" href=\"https:\/\/eros4me.de\/\" \/>\n<meta property=\"og:locale\" content=\"de_DE\" \/>\n<meta property=\"og:type\" content=\"article\" \/>\n<meta property=\"og:title\" content=\"Willkommen - Eros4Me\" \/>\n<meta property=\"og:description\" content=\"Willkommen bei Eros4Me! Ihr f\u00fchrender Sexshop und Erotikshop in IngolstadtWir laden Sie herzlich ein, unser Gesch\u00e4ft hier vor einem Besuch digital zu erkunden! Im Herzen von Bayern erwartet Sie mit Eros4Me ein Erotikgesch\u00e4ft der besonderen Art. Wir laden Sie ein, in eine Welt voller Sinnlichkeit, Leidenschaft und Fantasie einzutauchen. Ob Sie auf der Suche nach    Weiterlesen\" \/>\n<meta property=\"og:url\" content=\"https:\/\/eros4me.de\/\" \/>\n<meta property=\"og:site_name\" content=\"Eros4Me\" \/>\n<meta property=\"article:publisher\" content=\"https:\/\/www.facebook.com\/p\/Eros4Me-The-Erotic-Shop-100063698484676\/\" \/>\n<meta property=\"article:modified_time\" content=\"2026-03-30T20:39:14+00:00\" \/>\n<meta name=\"twitter:card\" content=\"summary_large_image\" \/>\n<meta name=\"twitter:label1\" content=\"Gesch\u00e4tzte Lesezeit\" \/>\n\t<meta name=\"twitter:data1\" content=\"3\u00a0Minuten\" \/>\n<script type=\"application\/ld+json\" class=\"yoast-schema-graph\">{\"@context\":\"https:\/\/schema.org\",\"@graph\":[{\"@type\":\"WebPage\",\"@id\":\"https:\/\/eros4me.de\/\",\"url\":\"https:\/\/eros4me.de\/\",\"name\":\"Willkommen - Eros4Me\",\"isPartOf\":{\"@id\":\"https:\/\/eros4me.de\/#website\"},\"datePublished\":\"2026-03-30T20:28:31+00:00\",\"dateModified\":\"2026-03-30T20:39:14+00:00\",\"breadcrumb\":{\"@id\":\"https:\/\/eros4me.de\/#breadcrumb\"},\"inLanguage\":\"de\",\"potentialAction\":[{\"@type\":\"ReadAction\",\"target\":[\"https:\/\/eros4me.de\/\"]}]},{\"@type\":\"BreadcrumbList\",\"@id\":\"https:\/\/eros4me.de\/#breadcrumb\",\"itemListElement\":[{\"@type\":\"ListItem\",\"position\":1,\"name\":\"Startseite\",\"item\":\"https:\/\/eros4me.de\/\"},{\"@type\":\"ListItem\",\"position\":2,\"name\":\"Willkommen\"}]},{\"@type\":\"WebSite\",\"@id\":\"https:\/\/eros4me.de\/#website\",\"url\":\"https:\/\/eros4me.de\/\",\"name\":\"Eros4Me\",\"description\":\"The Erotic Shop \ud83d\udc9d\",\"publisher\":{\"@id\":\"https:\/\/eros4me.de\/#organization\"},\"potentialAction\":[{\"@type\":\"SearchAction\",\"target\":{\"@type\":\"EntryPoint\",\"urlTemplate\":\"https:\/\/eros4me.de\/?s={search_term_string}\"},\"query-input\":{\"@type\":\"PropertyValueSpecification\",\"valueRequired\":true,\"valueName\":\"search_term_string\"}}],\"inLanguage\":\"de\"},{\"@type\":\"Organization\",\"@id\":\"https:\/\/eros4me.de\/#organization\",\"name\":\"Eros4Me \ud83d\udc9d\",\"url\":\"https:\/\/eros4me.de\/\",\"logo\":{\"@type\":\"ImageObject\",\"inLanguage\":\"de\",\"@id\":\"https:\/\/eros4me.de\/#\/schema\/logo\/image\/\",\"url\":\"https:\/\/eros4me.de\/wp-content\/uploads\/2025\/06\/valiligosmall-1.png\",\"contentUrl\":\"https:\/\/eros4me.de\/wp-content\/uploads\/2025\/06\/valiligosmall-1.png\",\"width\":1000,\"height\":580,\"caption\":\"Eros4Me \ud83d\udc9d\"},\"image\":{\"@id\":\"https:\/\/eros4me.de\/#\/schema\/logo\/image\/\"},\"sameAs\":[\"https:\/\/www.facebook.com\/p\/Eros4Me-The-Erotic-Shop-100063698484676\/\",\"https:\/\/www.instagram.com\/eros4me1\/\"]}]}<\/script>\n<!-- \/ Yoast SEO plugin. -->","yoast_head_json":{"title":"Willkommen - Eros4Me","robots":{"index":"index","follow":"follow","max-snippet":"max-snippet:-1","max-image-preview":"max-image-preview:large","max-video-preview":"max-video-preview:-1"},"canonical":"https:\/\/eros4me.de\/","og_locale":"de_DE","og_type":"article","og_title":"Willkommen - Eros4Me","og_description":"Willkommen bei Eros4Me! Ihr f\u00fchrender Sexshop und Erotikshop in IngolstadtWir laden Sie herzlich ein, unser Gesch\u00e4ft hier vor einem Besuch digital zu erkunden! Im Herzen von Bayern erwartet Sie mit Eros4Me ein Erotikgesch\u00e4ft der besonderen Art. Wir laden Sie ein, in eine Welt voller Sinnlichkeit, Leidenschaft und Fantasie einzutauchen. Ob Sie auf der Suche nach    Weiterlesen","og_url":"https:\/\/eros4me.de\/","og_site_name":"Eros4Me","article_publisher":"https:\/\/www.facebook.com\/p\/Eros4Me-The-Erotic-Shop-100063698484676\/","article_modified_time":"2026-03-30T20:39:14+00:00","twitter_card":"summary_large_image","twitter_misc":{"Gesch\u00e4tzte Lesezeit":"3\u00a0Minuten"},"schema":{"@context":"https:\/\/schema.org","@graph":[{"@type":"WebPage","@id":"https:\/\/eros4me.de\/","url":"https:\/\/eros4me.de\/","name":"Willkommen - Eros4Me","isPartOf":{"@id":"https:\/\/eros4me.de\/#website"},"datePublished":"2026-03-30T20:28:31+00:00","dateModified":"2026-03-30T20:39:14+00:00","breadcrumb":{"@id":"https:\/\/eros4me.de\/#breadcrumb"},"inLanguage":"de","potentialAction":[{"@type":"ReadAction","target":["https:\/\/eros4me.de\/"]}]},{"@type":"BreadcrumbList","@id":"https:\/\/eros4me.de\/#breadcrumb","itemListElement":[{"@type":"ListItem","position":1,"name":"Startseite","item":"https:\/\/eros4me.de\/"},{"@type":"ListItem","position":2,"name":"Willkommen"}]},{"@type":"WebSite","@id":"https:\/\/eros4me.de\/#website","url":"https:\/\/eros4me.de\/","name":"Eros4Me","description":"The Erotic Shop \ud83d\udc9d","publisher":{"@id":"https:\/\/eros4me.de\/#organization"},"potentialAction":[{"@type":"SearchAction","target":{"@type":"EntryPoint","urlTemplate":"https:\/\/eros4me.de\/?s={search_term_string}"},"query-input":{"@type":"PropertyValueSpecification","valueRequired":true,"valueName":"search_term_string"}}],"inLanguage":"de"},{"@type":"Organization","@id":"https:\/\/eros4me.de\/#organization","name":"Eros4Me \ud83d\udc9d","url":"https:\/\/eros4me.de\/","logo":{"@type":"ImageObject","inLanguage":"de","@id":"https:\/\/eros4me.de\/#\/schema\/logo\/image\/","url":"https:\/\/eros4me.de\/wp-content\/uploads\/2025\/06\/valiligosmall-1.png","contentUrl":"https:\/\/eros4me.de\/wp-content\/uploads\/2025\/06\/valiligosmall-1.png","width":1000,"height":580,"caption":"Eros4Me \ud83d\udc9d"},"image":{"@id":"https:\/\/eros4me.de\/#\/schema\/logo\/image\/"},"sameAs":["https:\/\/www.facebook.com\/p\/Eros4Me-The-Erotic-Shop-100063698484676\/","https:\/\/www.instagram.com\/eros4me1\/"]}]}},"_links":{"self":[{"href":"https:\/\/eros4me.de\/index.php\/wp-json\/wp\/v2\/pages\/194","targetHints":{"allow":["GET"]}}],"collection":[{"href":"https:\/\/eros4me.de\/index.php\/wp-json\/wp\/v2\/pages"}],"about":[{"href":"https:\/\/eros4me.de\/index.php\/wp-json\/wp\/v2\/types\/page"}],"author":[{"embeddable":true,"href":"https:\/\/eros4me.de\/index.php\/wp-json\/wp\/v2\/users\/1"}],"replies":[{"embeddable":true,"href":"https:\/\/eros4me.de\/index.php\/wp-json\/wp\/v2\/comments?post=194"}],"version-history":[{"count":9,"href":"https:\/\/eros4me.de\/index.php\/wp-json\/wp\/v2\/pages\/194\/revisions"}],"predecessor-version":[{"id":208,"href":"https:\/\/eros4me.de\/index.php\/wp-json\/wp\/v2\/pages\/194\/revisions\/208"}],"wp:attachment":[{"href":"https:\/\/eros4me.de\/index.php\/wp-json\/wp\/v2\/media?parent=194"}],"curies":[{"name":"wp","href":"https:\/\/api.w.org\/{rel}","templated":true}]}}